{"id":439,"date":"2022-09-19T12:37:00","date_gmt":"2022-09-19T12:37:00","guid":{"rendered":"http:\/\/pilotgarageyenibosna.com\/?page_id=439"},"modified":"2022-09-19T12:40:22","modified_gmt":"2022-09-19T12:40:22","slug":"fren-test","status":"publish","type":"page","link":"https:\/\/pilotgarageyenibosna.com\/hizmetlerimiz\/fren-test\/","title":{"rendered":"Fren Test"},"content":{"rendered":"\t\t<div data-elementor-type=\"wp-page\" data-elementor-id=\"439\" class=\"elementor elementor-439\" data-elementor-post-type=\"page\">\n\t\t\t\t\t\t<section class=\"elementor-section elementor-top-section elementor-element elementor-element-2ecf1df elementor-section-full_width elementor-section-height-min-height elementor-section-height-default elementor-section-items-middle\" data-id=\"2ecf1df\" data-element_type=\"section\" data-e-type=\"section\" data-settings=\"{&quot;background_background&quot;:&quot;classic&quot;}\">\n\t\t\t\t\t\t\t<div class=\"elementor-background-overlay\"><\/div>\n\t\t\t\t\t\t\t<div class=\"elementor-container elementor-column-gap-default\">\n\t\t\t\t\t<div class=\"elementor-column elementor-col-100 elementor-top-column elementor-element elementor-element-f9010b8\" data-id=\"f9010b8\" data-element_type=\"column\" data-e-type=\"column\">\n\t\t\t<div class=\"elementor-widget-wrap elementor-element-populated\">\n\t\t\t\t\t\t<div class=\"elementor-element elementor-element-c8ccf0f elementor-widget elementor-widget-heading\" data-id=\"c8ccf0f\" data-element_type=\"widget\" data-e-type=\"widget\" data-widget_type=\"heading.default\">\n\t\t\t\t\t<h2 class=\"elementor-heading-title elementor-size-default\">FREN TEST<\/h2>\t\t\t\t<\/div>\n\t\t\t\t\t<\/div>\n\t\t<\/div>\n\t\t\t\t\t<\/div>\n\t\t<\/section>\n\t\t\t\t<section class=\"elementor-section elementor-top-section elementor-element elementor-element-82f1cb6 elementor-section-boxed elementor-section-height-default elementor-section-height-default\" data-id=\"82f1cb6\" data-element_type=\"section\" data-e-type=\"section\">\n\t\t\t\t\t\t<div class=\"elementor-container elementor-column-gap-default\">\n\t\t\t\t\t<div class=\"elementor-column elementor-col-50 elementor-top-column elementor-element elementor-element-e7e9135\" data-id=\"e7e9135\" data-element_type=\"column\" data-e-type=\"column\">\n\t\t\t<div class=\"elementor-widget-wrap elementor-element-populated\">\n\t\t\t\t\t\t<div class=\"elementor-element elementor-element-50d6b20 elementor-widget elementor-widget-heading\" data-id=\"50d6b20\" data-element_type=\"widget\" data-e-type=\"widget\" data-widget_type=\"heading.default\">\n\t\t\t\t\t<h2 class=\"elementor-heading-title elementor-size-default\">Fren Test<\/h2>\t\t\t\t<\/div>\n\t\t\t\t<div class=\"elementor-element elementor-element-bb70c70 elementor-widget elementor-widget-text-editor\" data-id=\"bb70c70\" data-element_type=\"widget\" data-e-type=\"widget\" data-widget_type=\"text-editor.default\">\n\t\t\t\t\t\t\t\t\t<p class=\"editor-paragraph\" style=\"text-align: justify;\"><span class=\"selectable-text copyable-text\">Bir arac\u0131 yava\u015flatmak veya durdurmak i\u00e7in frenler kullan\u0131l\u0131r. Bir arac\u0131n frenleri, normal tekerleklerinden farkl\u0131 \u00e7al\u0131\u015f\u0131r. Frenler arac\u0131n tekerleklerine ba\u011fl\u0131d\u0131r ve s\u00fcr\u00fc\u015f veya s\u00fcr\u00fc\u015f s\u0131ras\u0131nda kullan\u0131l\u0131r. \u00c7o\u011fu ara\u00e7, s\u00fcr\u00fc\u015f s\u0131ras\u0131nda kazalar\u0131 ve kazalar\u0131 \u00f6nlemek i\u00e7in bir fren sistemine sahiptir. Ara\u00e7 sahipleri arac\u0131n frenlerini nas\u0131l g\u00fcvenli bir \u015fekilde kullanaca\u011f\u0131n\u0131 bilmelidir. Firmam\u0131z bu alanda sizlere hem bilgilendirici hem de frenlerinizi test etme amac\u0131yla fren test hizmetleri sunuyor.<\/span><\/p>\t\t\t\t\t\t\t\t<\/div>\n\t\t\t\t<div class=\"elementor-element elementor-element-4e22448 elementor-widget elementor-widget-heading\" data-id=\"4e22448\" data-element_type=\"widget\" data-e-type=\"widget\" data-widget_type=\"heading.default\">\n\t\t\t\t\t<h2 class=\"elementor-heading-title elementor-size-default\">Fren Test Nedir?<\/h2>\t\t\t\t<\/div>\n\t\t\t\t<div class=\"elementor-element elementor-element-69396db elementor-widget elementor-widget-text-editor\" data-id=\"69396db\" data-element_type=\"widget\" data-e-type=\"widget\" data-widget_type=\"text-editor.default\">\n\t\t\t\t\t\t\t\t\t<p>Frenler kullan\u0131ld\u0131\u011f\u0131nda ara\u00e7, tekerlekler hareketsizken oldu\u011fundan daha h\u0131zl\u0131 durur. \u0130nsanlar araba, kamyon ve motosiklet s\u00fcrerken fren kullan\u0131rlar. Frenler ayr\u0131ca bisiklet s\u00fcrerken veya di\u011fer ara\u00e7 hareketlerini yaparken durman\u0131za yard\u0131mc\u0131 olur. \u00c7o\u011fu ara\u00e7, g\u00fcvenli ve etkili bir \u015fekilde durmak i\u00e7in bir fren sistemine ihtiya\u00e7 duyar. Acil bir durumda h\u0131zl\u0131 durmak gereklidir. Ek olarak, frenleme, s\u00fcr\u00fc\u015f s\u0131ras\u0131nda h\u0131z\u0131n\u0131z\u0131 kontrol etmenize yard\u0131mc\u0131 olur. Dolay\u0131s\u0131yla <strong>fren tespit<\/strong> i\u00e7in ara\u00e7lar\u0131n\u0131z\u0131n frenlerini d\u00fczenli olarak bakt\u0131rman\u0131z \u00f6nemli bir s\u00fcreci te\u015fkil ediyor.<\/p>\t\t\t\t\t\t\t\t<\/div>\n\t\t\t\t<div class=\"elementor-element elementor-element-cfe9488 elementor-widget elementor-widget-heading\" data-id=\"cfe9488\" data-element_type=\"widget\" data-e-type=\"widget\" data-widget_type=\"heading.default\">\n\t\t\t\t\t<h2 class=\"elementor-heading-title elementor-size-default\">Fren Test Hizmetleri Neler Sunuyor?<\/h2>\t\t\t\t<\/div>\n\t\t\t\t<div class=\"elementor-element elementor-element-d97b3c6 elementor-widget elementor-widget-text-editor\" data-id=\"d97b3c6\" data-element_type=\"widget\" data-e-type=\"widget\" data-widget_type=\"text-editor.default\">\n\t\t\t\t\t\t\t\t\t<p>Ara\u00e7larda, normal tekerleklerden farkl\u0131 \u015fekilde \u00e7al\u0131\u015fan \u00e7e\u015fitli fren t\u00fcrleri bulunur. Fren sistemleri, rotorlar ve balatalar dahil olmak \u00fczere \u00e7e\u015fitli bile\u015fenlere sahiptir. Rotorlar, frenleri kullan\u0131rken yol y\u00fczeyine temas eden par\u00e7alard\u0131r. Bu par\u00e7alar \u00e7elikten veya ba\u015fka bir g\u00fc\u00e7l\u00fc malzemeden yap\u0131lm\u0131\u015ft\u0131r ve \u00fczerlerinde bir\u00e7ok yiv veya di\u015f bulunur. Oluklar, frenleme s\u0131ras\u0131nda balatalar\u0131n yolu g\u00fcvenli bir \u015fekilde kavramas\u0131n\u0131 sa\u011flar. Her pedde bu di\u015flerden y\u00fczlerce vard\u0131r ve birka\u00e7 par\u00e7a re\u00e7ine ve \u00e7elik plakadan yap\u0131lm\u0131\u015ft\u0131r. Bu plakalar, arac\u0131n a\u011f\u0131r \u00e7er\u00e7evesini ve motor blo\u011funu durdurmak i\u00e7in plakalara yeterli g\u00fcc\u00fc veren \u00f6zel yap\u0131\u015ft\u0131r\u0131c\u0131 ile bir arada tutulur. Firmam\u0131z ara\u00e7lar\u0131n\u0131z\u0131n frenleme sistemini test olanaklar\u0131yla ortaya koyuyor. Sizlere;<\/p><ul><li>Fren diski,<\/li><li>Fren kaliper kontrol\u00fc,<\/li><li>Fren servosu,<\/li><li>ABS kontrol,<\/li><li>Park fren kontrol\u00fc,<\/li><\/ul><p>Hizmetleri en iyi standartlarda sunuyoruz. Yukar\u0131daki hizmetlerin hepsini ayr\u0131ca <strong>fren tespit<\/strong> firmam\u0131z \u00fczerinden teknolojik olanaklar dahilinde derin ekspertiz hizmeti olanaklar\u0131yla alabilirsiniz. Ara\u00e7lar\u0131n\u0131z\u0131n en \u00f6nemli sistemleri aras\u0131nda bulunan fren sistemlerinin do\u011fru bir \u015fekilde i\u015flemesi \u00f6nemli bir s\u00fcre\u00e7tir. Aksi durumda ciddi olanaklarda kazalarla kar\u015f\u0131la\u015fabilirsiniz. Bu alanda alaca\u011f\u0131n\u0131z hizmetler son derece \u00f6nemlidir, sizlere bu alanda kaliteli hizmetler sunmay\u0131 ba\u015far\u0131yoruz.<\/p>\t\t\t\t\t\t\t\t<\/div>\n\t\t\t\t\t<\/div>\n\t\t<\/div>\n\t\t\t\t<div class=\"elementor-column elementor-col-50 elementor-top-column elementor-element elementor-element-dd44bf7\" data-id=\"dd44bf7\" data-element_type=\"column\" data-e-type=\"column\">\n\t\t\t<div class=\"elementor-widget-wrap elementor-element-populated\">\n\t\t\t\t\t\t<div class=\"elementor-element elementor-element-6c81e32 elementor-widget elementor-widget-image\" data-id=\"6c81e32\" data-element_type=\"widget\" data-e-type=\"widget\" data-widget_type=\"image.default\">\n\t\t\t\t\t\t\t\t\t\t\t\t\t\t\t<img fetchpriority=\"high\" decoding=\"async\" width=\"768\" height=\"512\" src=\"https:\/\/pilotgarageyenibosna.com\/wp-content\/uploads\/2022\/09\/fren-test.jpg\" class=\"attachment-large size-large wp-image-333\" alt=\"\" srcset=\"https:\/\/pilotgarageyenibosna.com\/wp-content\/uploads\/2022\/09\/fren-test.jpg 768w, https:\/\/pilotgarageyenibosna.com\/wp-content\/uploads\/2022\/09\/fren-test-300x200.jpg 300w\" sizes=\"(max-width: 768px) 100vw, 768px\" \/>\t\t\t\t\t\t\t\t\t\t\t\t\t\t\t<\/div>\n\t\t\t\t\t<\/div>\n\t\t<\/div>\n\t\t\t\t\t<\/div>\n\t\t<\/section>\n\t\t\t\t<\/div>\n\t\t","protected":false},"excerpt":{"rendered":"<p>FREN TEST Fren Test Bir arac\u0131 yava\u015flatmak veya durdurmak i\u00e7in frenler kullan\u0131l\u0131r. Bir arac\u0131n frenleri, normal tekerleklerinden farkl\u0131 \u00e7al\u0131\u015f\u0131r. Frenler arac\u0131n tekerleklerine ba\u011fl\u0131d\u0131r ve s\u00fcr\u00fc\u015f veya s\u00fcr\u00fc\u015f s\u0131ras\u0131nda kullan\u0131l\u0131r. \u00c7o\u011fu ara\u00e7, s\u00fcr\u00fc\u015f s\u0131ras\u0131nda kazalar\u0131 ve kazalar\u0131 \u00f6nlemek i\u00e7in bir fren sistemine sahiptir. Ara\u00e7 sahipleri arac\u0131n frenlerini nas\u0131l g\u00fcvenli bir \u015fekilde kullanaca\u011f\u0131n\u0131 bilmelidir. Firmam\u0131z bu alanda [&hellip;]<\/p>\n","protected":false},"author":1,"featured_media":0,"parent":369,"menu_order":0,"comment_status":"closed","ping_status":"closed","template":"","meta":{"footnotes":""},"class_list":["post-439","page","type-page","status-publish","hentry"],"yoast_head":"<!-- This site is optimized with the Yoast SEO plugin v27.4 - https:\/\/yoast.com\/product\/yoast-seo-wordpress\/ -->\n<title>Fren Test - Pilot Garage Yenibosna - www.pilotgarageyenibosna.com<\/title>\n<meta name=\"robots\" content=\"index, follow, max-snippet:-1, max-image-preview:large, max-video-preview:-1\" \/>\n<link rel=\"canonical\" href=\"https:\/\/pilotgarageyenibosna.com\/hizmetlerimiz\/fren-test\/\" \/>\n<meta property=\"og:locale\" content=\"tr_TR\" \/>\n<meta property=\"og:type\" content=\"article\" \/>\n<meta property=\"og:title\" content=\"Fren Test - Pilot Garage Yenibosna - www.pilotgarageyenibosna.com\" \/>\n<meta property=\"og:description\" content=\"FREN TEST Fren Test Bir arac\u0131 yava\u015flatmak veya durdurmak i\u00e7in frenler kullan\u0131l\u0131r. Bir arac\u0131n frenleri, normal tekerleklerinden farkl\u0131 \u00e7al\u0131\u015f\u0131r. Frenler arac\u0131n tekerleklerine ba\u011fl\u0131d\u0131r ve s\u00fcr\u00fc\u015f veya s\u00fcr\u00fc\u015f s\u0131ras\u0131nda kullan\u0131l\u0131r. \u00c7o\u011fu ara\u00e7, s\u00fcr\u00fc\u015f s\u0131ras\u0131nda kazalar\u0131 ve kazalar\u0131 \u00f6nlemek i\u00e7in bir fren sistemine sahiptir. Ara\u00e7 sahipleri arac\u0131n frenlerini nas\u0131l g\u00fcvenli bir \u015fekilde kullanaca\u011f\u0131n\u0131 bilmelidir. Firmam\u0131z bu alanda [&hellip;]\" \/>\n<meta property=\"og:url\" content=\"https:\/\/pilotgarageyenibosna.com\/hizmetlerimiz\/fren-test\/\" \/>\n<meta property=\"og:site_name\" content=\"Pilot Garage Yenibosna - www.pilotgarageyenibosna.com\" \/>\n<meta property=\"article:modified_time\" content=\"2022-09-19T12:40:22+00:00\" \/>\n<meta property=\"og:image\" content=\"http:\/\/pilotgarageyenibosna.com\/wp-content\/uploads\/2022\/09\/fren-test.jpg\" \/>\n<meta name=\"twitter:card\" content=\"summary_large_image\" \/>\n<meta name=\"twitter:label1\" content=\"Tahmini okuma s\u00fcresi\" \/>\n\t<meta name=\"twitter:data1\" content=\"3 dakika\" \/>\n<script type=\"application\/ld+json\" class=\"yoast-schema-graph\">{\"@context\":\"https:\\\/\\\/schema.org\",\"@graph\":[{\"@type\":\"WebPage\",\"@id\":\"https:\\\/\\\/pilotgarageyenibosna.com\\\/hizmetlerimiz\\\/fren-test\\\/\",\"url\":\"https:\\\/\\\/pilotgarageyenibosna.com\\\/hizmetlerimiz\\\/fren-test\\\/\",\"name\":\"Fren Test - Pilot Garage Yenibosna - www.pilotgarageyenibosna.com\",\"isPartOf\":{\"@id\":\"https:\\\/\\\/pilotgarageyenibosna.com\\\/#website\"},\"primaryImageOfPage\":{\"@id\":\"https:\\\/\\\/pilotgarageyenibosna.com\\\/hizmetlerimiz\\\/fren-test\\\/#primaryimage\"},\"image\":{\"@id\":\"https:\\\/\\\/pilotgarageyenibosna.com\\\/hizmetlerimiz\\\/fren-test\\\/#primaryimage\"},\"thumbnailUrl\":\"http:\\\/\\\/pilotgarageyenibosna.com\\\/wp-content\\\/uploads\\\/2022\\\/09\\\/fren-test.jpg\",\"datePublished\":\"2022-09-19T12:37:00+00:00\",\"dateModified\":\"2022-09-19T12:40:22+00:00\",\"breadcrumb\":{\"@id\":\"https:\\\/\\\/pilotgarageyenibosna.com\\\/hizmetlerimiz\\\/fren-test\\\/#breadcrumb\"},\"inLanguage\":\"tr\",\"potentialAction\":[{\"@type\":\"ReadAction\",\"target\":[\"https:\\\/\\\/pilotgarageyenibosna.com\\\/hizmetlerimiz\\\/fren-test\\\/\"]}]},{\"@type\":\"ImageObject\",\"inLanguage\":\"tr\",\"@id\":\"https:\\\/\\\/pilotgarageyenibosna.com\\\/hizmetlerimiz\\\/fren-test\\\/#primaryimage\",\"url\":\"https:\\\/\\\/pilotgarageyenibosna.com\\\/wp-content\\\/uploads\\\/2022\\\/09\\\/fren-test.jpg\",\"contentUrl\":\"https:\\\/\\\/pilotgarageyenibosna.com\\\/wp-content\\\/uploads\\\/2022\\\/09\\\/fren-test.jpg\",\"width\":768,\"height\":512},{\"@type\":\"BreadcrumbList\",\"@id\":\"https:\\\/\\\/pilotgarageyenibosna.com\\\/hizmetlerimiz\\\/fren-test\\\/#breadcrumb\",\"itemListElement\":[{\"@type\":\"ListItem\",\"position\":1,\"name\":\"Home\",\"item\":\"https:\\\/\\\/pilotgarageyenibosna.com\\\/\"},{\"@type\":\"ListItem\",\"position\":2,\"name\":\"Hizmetlerimiz\",\"item\":\"https:\\\/\\\/pilotgarageyenibosna.com\\\/hizmetlerimiz\\\/\"},{\"@type\":\"ListItem\",\"position\":3,\"name\":\"Fren Test\"}]},{\"@type\":\"WebSite\",\"@id\":\"https:\\\/\\\/pilotgarageyenibosna.com\\\/#website\",\"url\":\"https:\\\/\\\/pilotgarageyenibosna.com\\\/\",\"name\":\"Pilot Garage Yenibosna - www.pilotgarageyenibosna.com\",\"description\":\"Pilot Garage Yenibosna - www.pilotgarageyenibosna.com\",\"publisher\":{\"@id\":\"https:\\\/\\\/pilotgarageyenibosna.com\\\/#organization\"},\"potentialAction\":[{\"@type\":\"SearchAction\",\"target\":{\"@type\":\"EntryPoint\",\"urlTemplate\":\"https:\\\/\\\/pilotgarageyenibosna.com\\\/?s={search_term_string}\"},\"query-input\":{\"@type\":\"PropertyValueSpecification\",\"valueRequired\":true,\"valueName\":\"search_term_string\"}}],\"inLanguage\":\"tr\"},{\"@type\":\"Organization\",\"@id\":\"https:\\\/\\\/pilotgarageyenibosna.com\\\/#organization\",\"name\":\"Pilot Garage Yenibosna - www.pilotgarageyenibosna.com\",\"url\":\"https:\\\/\\\/pilotgarageyenibosna.com\\\/\",\"logo\":{\"@type\":\"ImageObject\",\"inLanguage\":\"tr\",\"@id\":\"https:\\\/\\\/pilotgarageyenibosna.com\\\/#\\\/schema\\\/logo\\\/image\\\/\",\"url\":\"https:\\\/\\\/pilotgarageyenibosna.com\\\/wp-content\\\/uploads\\\/2022\\\/09\\\/pilot-garage-yenibosna-logo.png\",\"contentUrl\":\"https:\\\/\\\/pilotgarageyenibosna.com\\\/wp-content\\\/uploads\\\/2022\\\/09\\\/pilot-garage-yenibosna-logo.png\",\"width\":300,\"height\":41,\"caption\":\"Pilot Garage Yenibosna - www.pilotgarageyenibosna.com\"},\"image\":{\"@id\":\"https:\\\/\\\/pilotgarageyenibosna.com\\\/#\\\/schema\\\/logo\\\/image\\\/\"}}]}<\/script>\n<!-- \/ Yoast SEO plugin. -->","yoast_head_json":{"title":"Fren Test - Pilot Garage Yenibosna - www.pilotgarageyenibosna.com","robots":{"index":"index","follow":"follow","max-snippet":"max-snippet:-1","max-image-preview":"max-image-preview:large","max-video-preview":"max-video-preview:-1"},"canonical":"https:\/\/pilotgarageyenibosna.com\/hizmetlerimiz\/fren-test\/","og_locale":"tr_TR","og_type":"article","og_title":"Fren Test - Pilot Garage Yenibosna - www.pilotgarageyenibosna.com","og_description":"FREN TEST Fren Test Bir arac\u0131 yava\u015flatmak veya durdurmak i\u00e7in frenler kullan\u0131l\u0131r. Bir arac\u0131n frenleri, normal tekerleklerinden farkl\u0131 \u00e7al\u0131\u015f\u0131r. Frenler arac\u0131n tekerleklerine ba\u011fl\u0131d\u0131r ve s\u00fcr\u00fc\u015f veya s\u00fcr\u00fc\u015f s\u0131ras\u0131nda kullan\u0131l\u0131r. \u00c7o\u011fu ara\u00e7, s\u00fcr\u00fc\u015f s\u0131ras\u0131nda kazalar\u0131 ve kazalar\u0131 \u00f6nlemek i\u00e7in bir fren sistemine sahiptir. Ara\u00e7 sahipleri arac\u0131n frenlerini nas\u0131l g\u00fcvenli bir \u015fekilde kullanaca\u011f\u0131n\u0131 bilmelidir. Firmam\u0131z bu alanda [&hellip;]","og_url":"https:\/\/pilotgarageyenibosna.com\/hizmetlerimiz\/fren-test\/","og_site_name":"Pilot Garage Yenibosna - www.pilotgarageyenibosna.com","article_modified_time":"2022-09-19T12:40:22+00:00","og_image":[{"url":"http:\/\/pilotgarageyenibosna.com\/wp-content\/uploads\/2022\/09\/fren-test.jpg","type":"","width":"","height":""}],"twitter_card":"summary_large_image","twitter_misc":{"Tahmini okuma s\u00fcresi":"3 dakika"},"schema":{"@context":"https:\/\/schema.org","@graph":[{"@type":"WebPage","@id":"https:\/\/pilotgarageyenibosna.com\/hizmetlerimiz\/fren-test\/","url":"https:\/\/pilotgarageyenibosna.com\/hizmetlerimiz\/fren-test\/","name":"Fren Test - Pilot Garage Yenibosna - www.pilotgarageyenibosna.com","isPartOf":{"@id":"https:\/\/pilotgarageyenibosna.com\/#website"},"primaryImageOfPage":{"@id":"https:\/\/pilotgarageyenibosna.com\/hizmetlerimiz\/fren-test\/#primaryimage"},"image":{"@id":"https:\/\/pilotgarageyenibosna.com\/hizmetlerimiz\/fren-test\/#primaryimage"},"thumbnailUrl":"http:\/\/pilotgarageyenibosna.com\/wp-content\/uploads\/2022\/09\/fren-test.jpg","datePublished":"2022-09-19T12:37:00+00:00","dateModified":"2022-09-19T12:40:22+00:00","breadcrumb":{"@id":"https:\/\/pilotgarageyenibosna.com\/hizmetlerimiz\/fren-test\/#breadcrumb"},"inLanguage":"tr","potentialAction":[{"@type":"ReadAction","target":["https:\/\/pilotgarageyenibosna.com\/hizmetlerimiz\/fren-test\/"]}]},{"@type":"ImageObject","inLanguage":"tr","@id":"https:\/\/pilotgarageyenibosna.com\/hizmetlerimiz\/fren-test\/#primaryimage","url":"https:\/\/pilotgarageyenibosna.com\/wp-content\/uploads\/2022\/09\/fren-test.jpg","contentUrl":"https:\/\/pilotgarageyenibosna.com\/wp-content\/uploads\/2022\/09\/fren-test.jpg","width":768,"height":512},{"@type":"BreadcrumbList","@id":"https:\/\/pilotgarageyenibosna.com\/hizmetlerimiz\/fren-test\/#breadcrumb","itemListElement":[{"@type":"ListItem","position":1,"name":"Home","item":"https:\/\/pilotgarageyenibosna.com\/"},{"@type":"ListItem","position":2,"name":"Hizmetlerimiz","item":"https:\/\/pilotgarageyenibosna.com\/hizmetlerimiz\/"},{"@type":"ListItem","position":3,"name":"Fren Test"}]},{"@type":"WebSite","@id":"https:\/\/pilotgarageyenibosna.com\/#website","url":"https:\/\/pilotgarageyenibosna.com\/","name":"Pilot Garage Yenibosna - www.pilotgarageyenibosna.com","description":"Pilot Garage Yenibosna - www.pilotgarageyenibosna.com","publisher":{"@id":"https:\/\/pilotgarageyenibosna.com\/#organization"},"potentialAction":[{"@type":"SearchAction","target":{"@type":"EntryPoint","urlTemplate":"https:\/\/pilotgarageyenibosna.com\/?s={search_term_string}"},"query-input":{"@type":"PropertyValueSpecification","valueRequired":true,"valueName":"search_term_string"}}],"inLanguage":"tr"},{"@type":"Organization","@id":"https:\/\/pilotgarageyenibosna.com\/#organization","name":"Pilot Garage Yenibosna - www.pilotgarageyenibosna.com","url":"https:\/\/pilotgarageyenibosna.com\/","logo":{"@type":"ImageObject","inLanguage":"tr","@id":"https:\/\/pilotgarageyenibosna.com\/#\/schema\/logo\/image\/","url":"https:\/\/pilotgarageyenibosna.com\/wp-content\/uploads\/2022\/09\/pilot-garage-yenibosna-logo.png","contentUrl":"https:\/\/pilotgarageyenibosna.com\/wp-content\/uploads\/2022\/09\/pilot-garage-yenibosna-logo.png","width":300,"height":41,"caption":"Pilot Garage Yenibosna - www.pilotgarageyenibosna.com"},"image":{"@id":"https:\/\/pilotgarageyenibosna.com\/#\/schema\/logo\/image\/"}}]}},"_links":{"self":[{"href":"https:\/\/pilotgarageyenibosna.com\/index.php\/wp-json\/wp\/v2\/pages\/439","targetHints":{"allow":["GET"]}}],"collection":[{"href":"https:\/\/pilotgarageyenibosna.com\/index.php\/wp-json\/wp\/v2\/pages"}],"about":[{"href":"https:\/\/pilotgarageyenibosna.com\/index.php\/wp-json\/wp\/v2\/types\/page"}],"author":[{"embeddable":true,"href":"https:\/\/pilotgarageyenibosna.com\/index.php\/wp-json\/wp\/v2\/users\/1"}],"replies":[{"embeddable":true,"href":"https:\/\/pilotgarageyenibosna.com\/index.php\/wp-json\/wp\/v2\/comments?post=439"}],"version-history":[{"count":7,"href":"https:\/\/pilotgarageyenibosna.com\/index.php\/wp-json\/wp\/v2\/pages\/439\/revisions"}],"predecessor-version":[{"id":447,"href":"https:\/\/pilotgarageyenibosna.com\/index.php\/wp-json\/wp\/v2\/pages\/439\/revisions\/447"}],"up":[{"embeddable":true,"href":"https:\/\/pilotgarageyenibosna.com\/index.php\/wp-json\/wp\/v2\/pages\/369"}],"wp:attachment":[{"href":"https:\/\/pilotgarageyenibosna.com\/index.php\/wp-json\/wp\/v2\/media?parent=439"}],"curies":[{"name":"wp","href":"https:\/\/api.w.org\/{rel}","templated":true}]}}