{"id":426,"date":"2022-09-19T12:31:39","date_gmt":"2022-09-19T12:31:39","guid":{"rendered":"http:\/\/pilotgarageyenibosna.com\/?page_id=426"},"modified":"2022-09-19T12:33:30","modified_gmt":"2022-09-19T12:33:30","slug":"ariza-tespit-2","status":"publish","type":"page","link":"https:\/\/pilotgarageyenibosna.com\/hizmetlerimiz\/suspansiyon-test\/","title":{"rendered":"S\u00fcspansiyon Test"},"content":{"rendered":"\t\t<div data-elementor-type=\"wp-page\" data-elementor-id=\"426\" class=\"elementor elementor-426\" data-elementor-post-type=\"page\">\n\t\t\t\t\t\t<section class=\"elementor-section elementor-top-section elementor-element elementor-element-2ecf1df elementor-section-full_width elementor-section-height-min-height elementor-section-height-default elementor-section-items-middle\" data-id=\"2ecf1df\" data-element_type=\"section\" data-e-type=\"section\" data-settings=\"{&quot;background_background&quot;:&quot;classic&quot;}\">\n\t\t\t\t\t\t\t<div class=\"elementor-background-overlay\"><\/div>\n\t\t\t\t\t\t\t<div class=\"elementor-container elementor-column-gap-default\">\n\t\t\t\t\t<div class=\"elementor-column elementor-col-100 elementor-top-column elementor-element elementor-element-f9010b8\" data-id=\"f9010b8\" data-element_type=\"column\" data-e-type=\"column\">\n\t\t\t<div class=\"elementor-widget-wrap elementor-element-populated\">\n\t\t\t\t\t\t<div class=\"elementor-element elementor-element-c8ccf0f elementor-widget elementor-widget-heading\" data-id=\"c8ccf0f\" data-element_type=\"widget\" data-e-type=\"widget\" data-widget_type=\"heading.default\">\n\t\t\t\t\t<h2 class=\"elementor-heading-title elementor-size-default\">S\u00dcSPANS\u0130YON TEST<\/h2>\t\t\t\t<\/div>\n\t\t\t\t\t<\/div>\n\t\t<\/div>\n\t\t\t\t\t<\/div>\n\t\t<\/section>\n\t\t\t\t<section class=\"elementor-section elementor-top-section elementor-element elementor-element-82f1cb6 elementor-section-boxed elementor-section-height-default elementor-section-height-default\" data-id=\"82f1cb6\" data-element_type=\"section\" data-e-type=\"section\">\n\t\t\t\t\t\t<div class=\"elementor-container elementor-column-gap-default\">\n\t\t\t\t\t<div class=\"elementor-column elementor-col-50 elementor-top-column elementor-element elementor-element-e7e9135\" data-id=\"e7e9135\" data-element_type=\"column\" data-e-type=\"column\">\n\t\t\t<div class=\"elementor-widget-wrap elementor-element-populated\">\n\t\t\t\t\t\t<div class=\"elementor-element elementor-element-50d6b20 elementor-widget elementor-widget-heading\" data-id=\"50d6b20\" data-element_type=\"widget\" data-e-type=\"widget\" data-widget_type=\"heading.default\">\n\t\t\t\t\t<h2 class=\"elementor-heading-title elementor-size-default\">S\u00fcspansiyon Test<\/h2>\t\t\t\t<\/div>\n\t\t\t\t<div class=\"elementor-element elementor-element-bb70c70 elementor-widget elementor-widget-text-editor\" data-id=\"bb70c70\" data-element_type=\"widget\" data-e-type=\"widget\" data-widget_type=\"text-editor.default\">\n\t\t\t\t\t\t\t\t\t<p>Her ara\u00e7 bir noktada yolcu ta\u015f\u0131r, bu nedenle insanlar\u0131 g\u00fcvenli bir \u015fekilde bir yerden bir yere ta\u015f\u0131yabilmesi \u00e7ok \u00f6nemlidir. S\u00fcspansiyon sistemleri, engebeli arazide seyahat etmenin \u015fokunu emerek ara\u00e7lar\u0131n dengeli bir s\u00fcr\u00fc\u015f s\u00fcrd\u00fcrmesine yard\u0131mc\u0131 olur. <strong>S\u00fcspansiyon Test<\/strong>, ara\u00e7lar\u0131n yolda s\u00fcr\u00fc\u015f i\u00e7in g\u00fcvenli oldu\u011fundan emin olmak i\u00e7in ara\u00e7 s\u00fcspansiyonlar\u0131n\u0131n g\u00fcvenli\u011fini ve performans\u0131n\u0131 kontrol eder. Firmam\u0131z sizlere al\u0131m sat\u0131m s\u0131ras\u0131nda test s\u00fcr\u00fc\u015fleri sorunlar\u0131 aras\u0131nda bulunan s\u00fcspansiyon sorunu olup olmad\u0131\u011f\u0131 konusunda hizmetler sunuyor.<\/p>\t\t\t\t\t\t\t\t<\/div>\n\t\t\t\t<div class=\"elementor-element elementor-element-4e22448 elementor-widget elementor-widget-heading\" data-id=\"4e22448\" data-element_type=\"widget\" data-e-type=\"widget\" data-widget_type=\"heading.default\">\n\t\t\t\t\t<h2 class=\"elementor-heading-title elementor-size-default\">S\u00fcspansiyon Testi Nedir?<\/h2>\t\t\t\t<\/div>\n\t\t\t\t<div class=\"elementor-element elementor-element-0d449a3 elementor-widget elementor-widget-text-editor\" data-id=\"0d449a3\" data-element_type=\"widget\" data-e-type=\"widget\" data-widget_type=\"text-editor.default\">\n\t\t\t\t\t\t\t\t\t<p><span class=\"selectable-text copyable-text\">Ara\u00e7 s\u00fcspansiyonu, arac\u0131n veya kamyonun g\u00f6vdesinin zeminle temas\u0131n\u0131 engeller. Ayr\u0131ca s\u00fcr\u00fc\u015f\u00fcn etkisini emer ve v\u00fccudun bu darbeyi yolculara iletmesini engeller. S\u00fcspansiyon sistemleri ara\u00e7 tipine g\u00f6re tip ve ebat olarak de\u011fi\u015fiklik g\u00f6stermektedir. Hava yast\u0131klar\u0131 da yol \u015fokunu emmeye yard\u0131mc\u0131 olur, ancak bir amortis\u00f6rden daha az g\u00fcvenilirdirler. \u00c7o\u011fu ara\u00e7, halka a\u00e7\u0131k yollara \u00e7\u0131kmadan \u00f6nce s\u0131k\u0131 s\u00fcspansiyon testi prosed\u00fcrlerinden ge\u00e7er. T\u00fcm s\u00fcr\u00fcc\u00fcler ara\u00e7lar\u0131n\u0131n bu testleri ge\u00e7ti\u011fini ve kullan\u0131m\u0131n\u0131n g\u00fcvenli oldu\u011funu bilir. Dolay\u0131s\u0131yla firmam\u0131z \u00fczerinden s\u00fcspansiyon test imk\u00e2n\u0131 alabilir ve avantajl\u0131 bir hizmetten yararlanabilirsiniz.<\/span><\/p>\t\t\t\t\t\t\t\t<\/div>\n\t\t\t\t<div class=\"elementor-element elementor-element-cfe9488 elementor-widget elementor-widget-heading\" data-id=\"cfe9488\" data-element_type=\"widget\" data-e-type=\"widget\" data-widget_type=\"heading.default\">\n\t\t\t\t\t<h2 class=\"elementor-heading-title elementor-size-default\">S\u00fcspansiyon Testi Firmas\u0131 Hizmetleri Nelerdir?<\/h2>\t\t\t\t<\/div>\n\t\t\t\t<div class=\"elementor-element elementor-element-d97b3c6 elementor-widget elementor-widget-text-editor\" data-id=\"d97b3c6\" data-element_type=\"widget\" data-e-type=\"widget\" data-widget_type=\"text-editor.default\">\n\t\t\t\t\t\t\t\t\t<p>Testler, t\u00fcm test kat\u0131l\u0131mc\u0131lar\u0131 i\u00e7in maksimum g\u00fcvenli\u011fi sa\u011flamak i\u00e7in belirlenmi\u015f bir prosed\u00fcr\u00fc takip eder. Plan, ilgili t\u00fcm bile\u015fenlerin bir araca monte edilmesini ve ard\u0131ndan her bir bile\u015fen i\u00e7in en uygun ayarlar\u0131 belirlemek i\u00e7in \u00e7e\u015fitli testler yap\u0131lmas\u0131n\u0131 i\u00e7erir. \u00d6rne\u011fin, g\u00fcvenlik tamponlar\u0131n\u0131 test ederken, hangi ayarlar\u0131n en iyi sonucu verdi\u011fini g\u00f6rmek i\u00e7in birka\u00e7 farkl\u0131 t\u00fcrde darbe ayarlayacaklard\u0131. Daha sonra, ba\u015far\u0131s\u0131z olmadan \u00f6nce her bir kurulumun ne kadar kuvvete dayanabilece\u011fini \u00f6l\u00e7eceklerdi. Bu testler, yola yeni bir model \u00e7\u0131karmadan \u00f6nce ara\u00e7 s\u00fcspansiyonlar\u0131nda herhangi bir sorun olu\u015fmas\u0131n\u0131 \u00f6nlemeye yard\u0131mc\u0131 olur. Firmam\u0131z bu s\u00fcreci en iyi standartlarda y\u00fcr\u00fctmeyi ba\u015far\u0131yor ve sizlere en iyiyi sunmay\u0131 ba\u015far\u0131yor.<\/p><p>Sizlere bu alanda;<\/p><ul><li>Amortis\u00f6r ve yay kontrolleri,<\/li><li>Viraj demiri, demir kontrolleri,<\/li><li>Sal\u0131ncak kontrolleri,<\/li><li>Rot mili ve rot ba\u015f\u0131 kontrolleri,<\/li><li>Tekerlek balyalar\u0131 kontrolleri,<\/li><li>Aks- Mili kontrolleri,<\/li><li>Kardan- Mili kontrolleri,<\/li><\/ul><p>Yukar\u0131daki hizmetleri sizlere en iyi standartlarda sunmay\u0131 ba\u015far\u0131yor ve kaliteli bir hizmet deneyimini sizlere sa\u011flamay\u0131 ba\u015far\u0131yoruz. Bizlerden alaca\u011f\u0131n\u0131z hizmetlerin tamam\u0131 sigortal\u0131 hizmetlerdir.<\/p>\t\t\t\t\t\t\t\t<\/div>\n\t\t\t\t\t<\/div>\n\t\t<\/div>\n\t\t\t\t<div class=\"elementor-column elementor-col-50 elementor-top-column elementor-element elementor-element-dd44bf7\" data-id=\"dd44bf7\" data-element_type=\"column\" data-e-type=\"column\">\n\t\t\t<div class=\"elementor-widget-wrap elementor-element-populated\">\n\t\t\t\t\t\t<div class=\"elementor-element elementor-element-6c81e32 elementor-widget elementor-widget-image\" data-id=\"6c81e32\" data-element_type=\"widget\" data-e-type=\"widget\" data-widget_type=\"image.default\">\n\t\t\t\t\t\t\t\t\t\t\t\t\t\t\t<img fetchpriority=\"high\" decoding=\"async\" width=\"768\" height=\"512\" src=\"https:\/\/pilotgarageyenibosna.com\/wp-content\/uploads\/2022\/09\/suspansiyon-test.jpg\" class=\"attachment-large size-large wp-image-334\" alt=\"\" srcset=\"https:\/\/pilotgarageyenibosna.com\/wp-content\/uploads\/2022\/09\/suspansiyon-test.jpg 768w, https:\/\/pilotgarageyenibosna.com\/wp-content\/uploads\/2022\/09\/suspansiyon-test-300x200.jpg 300w\" sizes=\"(max-width: 768px) 100vw, 768px\" \/>\t\t\t\t\t\t\t\t\t\t\t\t\t\t\t<\/div>\n\t\t\t\t\t<\/div>\n\t\t<\/div>\n\t\t\t\t\t<\/div>\n\t\t<\/section>\n\t\t\t\t<\/div>\n\t\t","protected":false},"excerpt":{"rendered":"<p>S\u00dcSPANS\u0130YON TEST S\u00fcspansiyon Test Her ara\u00e7 bir noktada yolcu ta\u015f\u0131r, bu nedenle insanlar\u0131 g\u00fcvenli bir \u015fekilde bir yerden bir yere ta\u015f\u0131yabilmesi \u00e7ok \u00f6nemlidir. S\u00fcspansiyon sistemleri, engebeli arazide seyahat etmenin \u015fokunu emerek ara\u00e7lar\u0131n dengeli bir s\u00fcr\u00fc\u015f s\u00fcrd\u00fcrmesine yard\u0131mc\u0131 olur. S\u00fcspansiyon Test, ara\u00e7lar\u0131n yolda s\u00fcr\u00fc\u015f i\u00e7in g\u00fcvenli oldu\u011fundan emin olmak i\u00e7in ara\u00e7 s\u00fcspansiyonlar\u0131n\u0131n g\u00fcvenli\u011fini ve performans\u0131n\u0131 kontrol [&hellip;]<\/p>\n","protected":false},"author":1,"featured_media":0,"parent":369,"menu_order":0,"comment_status":"closed","ping_status":"closed","template":"","meta":{"footnotes":""},"class_list":["post-426","page","type-page","status-publish","hentry"],"yoast_head":"<!-- This site is optimized with the Yoast SEO plugin v27.4 - https:\/\/yoast.com\/product\/yoast-seo-wordpress\/ -->\n<title>S\u00fcspansiyon Test - Pilot Garage Yenibosna - www.pilotgarageyenibosna.com<\/title>\n<meta name=\"robots\" content=\"index, follow, max-snippet:-1, max-image-preview:large, max-video-preview:-1\" \/>\n<link rel=\"canonical\" href=\"https:\/\/pilotgarageyenibosna.com\/hizmetlerimiz\/suspansiyon-test\/\" \/>\n<meta property=\"og:locale\" content=\"tr_TR\" \/>\n<meta property=\"og:type\" content=\"article\" \/>\n<meta property=\"og:title\" content=\"S\u00fcspansiyon Test - Pilot Garage Yenibosna - www.pilotgarageyenibosna.com\" \/>\n<meta property=\"og:description\" content=\"S\u00dcSPANS\u0130YON TEST S\u00fcspansiyon Test Her ara\u00e7 bir noktada yolcu ta\u015f\u0131r, bu nedenle insanlar\u0131 g\u00fcvenli bir \u015fekilde bir yerden bir yere ta\u015f\u0131yabilmesi \u00e7ok \u00f6nemlidir. S\u00fcspansiyon sistemleri, engebeli arazide seyahat etmenin \u015fokunu emerek ara\u00e7lar\u0131n dengeli bir s\u00fcr\u00fc\u015f s\u00fcrd\u00fcrmesine yard\u0131mc\u0131 olur. S\u00fcspansiyon Test, ara\u00e7lar\u0131n yolda s\u00fcr\u00fc\u015f i\u00e7in g\u00fcvenli oldu\u011fundan emin olmak i\u00e7in ara\u00e7 s\u00fcspansiyonlar\u0131n\u0131n g\u00fcvenli\u011fini ve performans\u0131n\u0131 kontrol [&hellip;]\" \/>\n<meta property=\"og:url\" content=\"https:\/\/pilotgarageyenibosna.com\/hizmetlerimiz\/suspansiyon-test\/\" \/>\n<meta property=\"og:site_name\" content=\"Pilot Garage Yenibosna - www.pilotgarageyenibosna.com\" \/>\n<meta property=\"article:modified_time\" content=\"2022-09-19T12:33:30+00:00\" \/>\n<meta property=\"og:image\" content=\"http:\/\/pilotgarageyenibosna.com\/wp-content\/uploads\/2022\/09\/suspansiyon-test.jpg\" \/>\n<meta name=\"twitter:card\" content=\"summary_large_image\" \/>\n<meta name=\"twitter:label1\" content=\"Tahmini okuma s\u00fcresi\" \/>\n\t<meta name=\"twitter:data1\" content=\"3 dakika\" \/>\n<script type=\"application\/ld+json\" class=\"yoast-schema-graph\">{\"@context\":\"https:\\\/\\\/schema.org\",\"@graph\":[{\"@type\":\"WebPage\",\"@id\":\"https:\\\/\\\/pilotgarageyenibosna.com\\\/hizmetlerimiz\\\/suspansiyon-test\\\/\",\"url\":\"https:\\\/\\\/pilotgarageyenibosna.com\\\/hizmetlerimiz\\\/suspansiyon-test\\\/\",\"name\":\"S\u00fcspansiyon Test - Pilot Garage Yenibosna - www.pilotgarageyenibosna.com\",\"isPartOf\":{\"@id\":\"https:\\\/\\\/pilotgarageyenibosna.com\\\/#website\"},\"primaryImageOfPage\":{\"@id\":\"https:\\\/\\\/pilotgarageyenibosna.com\\\/hizmetlerimiz\\\/suspansiyon-test\\\/#primaryimage\"},\"image\":{\"@id\":\"https:\\\/\\\/pilotgarageyenibosna.com\\\/hizmetlerimiz\\\/suspansiyon-test\\\/#primaryimage\"},\"thumbnailUrl\":\"http:\\\/\\\/pilotgarageyenibosna.com\\\/wp-content\\\/uploads\\\/2022\\\/09\\\/suspansiyon-test.jpg\",\"datePublished\":\"2022-09-19T12:31:39+00:00\",\"dateModified\":\"2022-09-19T12:33:30+00:00\",\"breadcrumb\":{\"@id\":\"https:\\\/\\\/pilotgarageyenibosna.com\\\/hizmetlerimiz\\\/suspansiyon-test\\\/#breadcrumb\"},\"inLanguage\":\"tr\",\"potentialAction\":[{\"@type\":\"ReadAction\",\"target\":[\"https:\\\/\\\/pilotgarageyenibosna.com\\\/hizmetlerimiz\\\/suspansiyon-test\\\/\"]}]},{\"@type\":\"ImageObject\",\"inLanguage\":\"tr\",\"@id\":\"https:\\\/\\\/pilotgarageyenibosna.com\\\/hizmetlerimiz\\\/suspansiyon-test\\\/#primaryimage\",\"url\":\"https:\\\/\\\/pilotgarageyenibosna.com\\\/wp-content\\\/uploads\\\/2022\\\/09\\\/suspansiyon-test.jpg\",\"contentUrl\":\"https:\\\/\\\/pilotgarageyenibosna.com\\\/wp-content\\\/uploads\\\/2022\\\/09\\\/suspansiyon-test.jpg\",\"width\":768,\"height\":512},{\"@type\":\"BreadcrumbList\",\"@id\":\"https:\\\/\\\/pilotgarageyenibosna.com\\\/hizmetlerimiz\\\/suspansiyon-test\\\/#breadcrumb\",\"itemListElement\":[{\"@type\":\"ListItem\",\"position\":1,\"name\":\"Home\",\"item\":\"https:\\\/\\\/pilotgarageyenibosna.com\\\/\"},{\"@type\":\"ListItem\",\"position\":2,\"name\":\"Hizmetlerimiz\",\"item\":\"https:\\\/\\\/pilotgarageyenibosna.com\\\/hizmetlerimiz\\\/\"},{\"@type\":\"ListItem\",\"position\":3,\"name\":\"S\u00fcspansiyon Test\"}]},{\"@type\":\"WebSite\",\"@id\":\"https:\\\/\\\/pilotgarageyenibosna.com\\\/#website\",\"url\":\"https:\\\/\\\/pilotgarageyenibosna.com\\\/\",\"name\":\"Pilot Garage Yenibosna - www.pilotgarageyenibosna.com\",\"description\":\"Pilot Garage Yenibosna - www.pilotgarageyenibosna.com\",\"publisher\":{\"@id\":\"https:\\\/\\\/pilotgarageyenibosna.com\\\/#organization\"},\"potentialAction\":[{\"@type\":\"SearchAction\",\"target\":{\"@type\":\"EntryPoint\",\"urlTemplate\":\"https:\\\/\\\/pilotgarageyenibosna.com\\\/?s={search_term_string}\"},\"query-input\":{\"@type\":\"PropertyValueSpecification\",\"valueRequired\":true,\"valueName\":\"search_term_string\"}}],\"inLanguage\":\"tr\"},{\"@type\":\"Organization\",\"@id\":\"https:\\\/\\\/pilotgarageyenibosna.com\\\/#organization\",\"name\":\"Pilot Garage Yenibosna - www.pilotgarageyenibosna.com\",\"url\":\"https:\\\/\\\/pilotgarageyenibosna.com\\\/\",\"logo\":{\"@type\":\"ImageObject\",\"inLanguage\":\"tr\",\"@id\":\"https:\\\/\\\/pilotgarageyenibosna.com\\\/#\\\/schema\\\/logo\\\/image\\\/\",\"url\":\"https:\\\/\\\/pilotgarageyenibosna.com\\\/wp-content\\\/uploads\\\/2022\\\/09\\\/pilot-garage-yenibosna-logo.png\",\"contentUrl\":\"https:\\\/\\\/pilotgarageyenibosna.com\\\/wp-content\\\/uploads\\\/2022\\\/09\\\/pilot-garage-yenibosna-logo.png\",\"width\":300,\"height\":41,\"caption\":\"Pilot Garage Yenibosna - www.pilotgarageyenibosna.com\"},\"image\":{\"@id\":\"https:\\\/\\\/pilotgarageyenibosna.com\\\/#\\\/schema\\\/logo\\\/image\\\/\"}}]}<\/script>\n<!-- \/ Yoast SEO plugin. -->","yoast_head_json":{"title":"S\u00fcspansiyon Test - Pilot Garage Yenibosna - www.pilotgarageyenibosna.com","robots":{"index":"index","follow":"follow","max-snippet":"max-snippet:-1","max-image-preview":"max-image-preview:large","max-video-preview":"max-video-preview:-1"},"canonical":"https:\/\/pilotgarageyenibosna.com\/hizmetlerimiz\/suspansiyon-test\/","og_locale":"tr_TR","og_type":"article","og_title":"S\u00fcspansiyon Test - Pilot Garage Yenibosna - www.pilotgarageyenibosna.com","og_description":"S\u00dcSPANS\u0130YON TEST S\u00fcspansiyon Test Her ara\u00e7 bir noktada yolcu ta\u015f\u0131r, bu nedenle insanlar\u0131 g\u00fcvenli bir \u015fekilde bir yerden bir yere ta\u015f\u0131yabilmesi \u00e7ok \u00f6nemlidir. S\u00fcspansiyon sistemleri, engebeli arazide seyahat etmenin \u015fokunu emerek ara\u00e7lar\u0131n dengeli bir s\u00fcr\u00fc\u015f s\u00fcrd\u00fcrmesine yard\u0131mc\u0131 olur. S\u00fcspansiyon Test, ara\u00e7lar\u0131n yolda s\u00fcr\u00fc\u015f i\u00e7in g\u00fcvenli oldu\u011fundan emin olmak i\u00e7in ara\u00e7 s\u00fcspansiyonlar\u0131n\u0131n g\u00fcvenli\u011fini ve performans\u0131n\u0131 kontrol [&hellip;]","og_url":"https:\/\/pilotgarageyenibosna.com\/hizmetlerimiz\/suspansiyon-test\/","og_site_name":"Pilot Garage Yenibosna - www.pilotgarageyenibosna.com","article_modified_time":"2022-09-19T12:33:30+00:00","og_image":[{"url":"http:\/\/pilotgarageyenibosna.com\/wp-content\/uploads\/2022\/09\/suspansiyon-test.jpg","type":"","width":"","height":""}],"twitter_card":"summary_large_image","twitter_misc":{"Tahmini okuma s\u00fcresi":"3 dakika"},"schema":{"@context":"https:\/\/schema.org","@graph":[{"@type":"WebPage","@id":"https:\/\/pilotgarageyenibosna.com\/hizmetlerimiz\/suspansiyon-test\/","url":"https:\/\/pilotgarageyenibosna.com\/hizmetlerimiz\/suspansiyon-test\/","name":"S\u00fcspansiyon Test - Pilot Garage Yenibosna - www.pilotgarageyenibosna.com","isPartOf":{"@id":"https:\/\/pilotgarageyenibosna.com\/#website"},"primaryImageOfPage":{"@id":"https:\/\/pilotgarageyenibosna.com\/hizmetlerimiz\/suspansiyon-test\/#primaryimage"},"image":{"@id":"https:\/\/pilotgarageyenibosna.com\/hizmetlerimiz\/suspansiyon-test\/#primaryimage"},"thumbnailUrl":"http:\/\/pilotgarageyenibosna.com\/wp-content\/uploads\/2022\/09\/suspansiyon-test.jpg","datePublished":"2022-09-19T12:31:39+00:00","dateModified":"2022-09-19T12:33:30+00:00","breadcrumb":{"@id":"https:\/\/pilotgarageyenibosna.com\/hizmetlerimiz\/suspansiyon-test\/#breadcrumb"},"inLanguage":"tr","potentialAction":[{"@type":"ReadAction","target":["https:\/\/pilotgarageyenibosna.com\/hizmetlerimiz\/suspansiyon-test\/"]}]},{"@type":"ImageObject","inLanguage":"tr","@id":"https:\/\/pilotgarageyenibosna.com\/hizmetlerimiz\/suspansiyon-test\/#primaryimage","url":"https:\/\/pilotgarageyenibosna.com\/wp-content\/uploads\/2022\/09\/suspansiyon-test.jpg","contentUrl":"https:\/\/pilotgarageyenibosna.com\/wp-content\/uploads\/2022\/09\/suspansiyon-test.jpg","width":768,"height":512},{"@type":"BreadcrumbList","@id":"https:\/\/pilotgarageyenibosna.com\/hizmetlerimiz\/suspansiyon-test\/#breadcrumb","itemListElement":[{"@type":"ListItem","position":1,"name":"Home","item":"https:\/\/pilotgarageyenibosna.com\/"},{"@type":"ListItem","position":2,"name":"Hizmetlerimiz","item":"https:\/\/pilotgarageyenibosna.com\/hizmetlerimiz\/"},{"@type":"ListItem","position":3,"name":"S\u00fcspansiyon Test"}]},{"@type":"WebSite","@id":"https:\/\/pilotgarageyenibosna.com\/#website","url":"https:\/\/pilotgarageyenibosna.com\/","name":"Pilot Garage Yenibosna - www.pilotgarageyenibosna.com","description":"Pilot Garage Yenibosna - www.pilotgarageyenibosna.com","publisher":{"@id":"https:\/\/pilotgarageyenibosna.com\/#organization"},"potentialAction":[{"@type":"SearchAction","target":{"@type":"EntryPoint","urlTemplate":"https:\/\/pilotgarageyenibosna.com\/?s={search_term_string}"},"query-input":{"@type":"PropertyValueSpecification","valueRequired":true,"valueName":"search_term_string"}}],"inLanguage":"tr"},{"@type":"Organization","@id":"https:\/\/pilotgarageyenibosna.com\/#organization","name":"Pilot Garage Yenibosna - www.pilotgarageyenibosna.com","url":"https:\/\/pilotgarageyenibosna.com\/","logo":{"@type":"ImageObject","inLanguage":"tr","@id":"https:\/\/pilotgarageyenibosna.com\/#\/schema\/logo\/image\/","url":"https:\/\/pilotgarageyenibosna.com\/wp-content\/uploads\/2022\/09\/pilot-garage-yenibosna-logo.png","contentUrl":"https:\/\/pilotgarageyenibosna.com\/wp-content\/uploads\/2022\/09\/pilot-garage-yenibosna-logo.png","width":300,"height":41,"caption":"Pilot Garage Yenibosna - www.pilotgarageyenibosna.com"},"image":{"@id":"https:\/\/pilotgarageyenibosna.com\/#\/schema\/logo\/image\/"}}]}},"_links":{"self":[{"href":"https:\/\/pilotgarageyenibosna.com\/index.php\/wp-json\/wp\/v2\/pages\/426","targetHints":{"allow":["GET"]}}],"collection":[{"href":"https:\/\/pilotgarageyenibosna.com\/index.php\/wp-json\/wp\/v2\/pages"}],"about":[{"href":"https:\/\/pilotgarageyenibosna.com\/index.php\/wp-json\/wp\/v2\/types\/page"}],"author":[{"embeddable":true,"href":"https:\/\/pilotgarageyenibosna.com\/index.php\/wp-json\/wp\/v2\/users\/1"}],"replies":[{"embeddable":true,"href":"https:\/\/pilotgarageyenibosna.com\/index.php\/wp-json\/wp\/v2\/comments?post=426"}],"version-history":[{"count":7,"href":"https:\/\/pilotgarageyenibosna.com\/index.php\/wp-json\/wp\/v2\/pages\/426\/revisions"}],"predecessor-version":[{"id":433,"href":"https:\/\/pilotgarageyenibosna.com\/index.php\/wp-json\/wp\/v2\/pages\/426\/revisions\/433"}],"up":[{"embeddable":true,"href":"https:\/\/pilotgarageyenibosna.com\/index.php\/wp-json\/wp\/v2\/pages\/369"}],"wp:attachment":[{"href":"https:\/\/pilotgarageyenibosna.com\/index.php\/wp-json\/wp\/v2\/media?parent=426"}],"curies":[{"name":"wp","href":"https:\/\/api.w.org\/{rel}","templated":true}]}}